{"id":3340,"date":"2017-06-05T17:38:02","date_gmt":"2017-06-05T17:38:02","guid":{"rendered":"http:\/\/mercadostorrepacheco.es\/boceto\/?page_id=3340"},"modified":"2017-06-06T09:52:10","modified_gmt":"2017-06-06T09:52:10","slug":"legal-notice-2","status":"publish","type":"page","link":"https:\/\/mercadostorrepacheco.es\/index.php\/legal-notice-2\/","title":{"rendered":"Aviso legal"},"content":{"rendered":"<\/div><\/div><\/div><!-- close content main div --><\/div><\/div><div id='av_section_1' class='avia-section main_color avia-section-small avia-no-border-styling avia-full-stretch av-section-color-overlay-active avia-bg-style-fixed  container_wrap sidebar_right' style = 'background-repeat: no-repeat; background-image: url(https:\/\/mercadostorrepacheco.es\/wp-content\/uploads\/av-300x225.jpg); background-attachment: fixed; background-position: bottom center; ' data-section-bg-repeat='stretch' ><div class='av-section-color-overlay-wrap'><div class='av-section-color-overlay' style='opacity: 0.6; background-color: #000000; '><\/div><div class='container' ><div class='template-page content  av-content-small alpha units'><div class='post-entry post-entry-type-page post-entry-3340'><div class='entry-content-wrapper clearfix'>\n<div style='padding-bottom:20px;font-size:40px;' class='av-special-heading av-special-heading-h1  blockquote modern-quote modern-centered   av-inherit-size'><h1 class='av-special-heading-tag'  itemprop=\"headline\"  ><label style=\"color: #ffffff;\">Aviso Legal<\/label><\/h1><div class='special-heading-border'><div class='special-heading-inner-border' ><\/div><\/div><\/div>\n<\/div><\/div><\/div><!-- close content main div --><\/div><\/div><\/div><div id='after_section_1' class='main_color av_default_container_wrap container_wrap sidebar_right'   ><div class='container' ><div class='template-page content  av-content-small alpha units'><div class='post-entry post-entry-type-page post-entry-3340'><div class='entry-content-wrapper clearfix'><\/div><\/div><\/div><!-- close content main div --><\/div><\/div><div id='av_section_2' class='avia-section main_color avia-section-large avia-no-border-styling avia-bg-style-scroll  container_wrap sidebar_right'   ><div class='container' ><div class='template-page content  av-content-small alpha units'><div class='post-entry post-entry-type-page post-entry-3340'><div class='entry-content-wrapper clearfix'>\n<div class=\"flex_column av_one_full  flex_column_div av-zero-column-padding first  \" style='border-radius:0px; '><section class=\"av_textblock_section\"  itemscope=\"itemscope\" itemtype=\"https:\/\/schema.org\/CreativeWork\" ><div class='avia_textblock '   itemprop=\"text\" ><h3><strong>Objeto<\/strong><\/h3>\n<p>Los presentes T\u00e9rminos de Uso regulan el uso del sitio web <strong>WWW.MERCADOSTORREPACHECO.COM<\/strong> (en adelante, Sitio Web), del que es titular Mercados Torre Pacheco S.L. (en adelante, <strong>Mercados Torre Pacheco<\/strong>).<\/p>\n<p>La navegaci\u00f3n por el Sitio Web atribuye la condici\u00f3n de usuario del mismo e implica la aceptaci\u00f3n plena y sin reservas de todas y cada una de las disposiciones incluidas en estos T\u00e9rminos de Uso, que pueden sufrir modificaciones.<\/p>\n<p>El usuario se obliga a hacer un uso correcto del sitio web de conformidad con las leyes, la buena fe, el orden p\u00fablico, los usos del tr\u00e1fico y los presentes T\u00e9rminos de Uso. El usuario responder\u00e1 frente a <strong>Mercados Torre Pacheco<\/strong> o frente a terceros, de cualesquiera da\u00f1os y perjuicios que pudieran causarse como consecuencia del incumplimiento de dicha obligaci\u00f3n.<\/p>\n<p><strong>Mercados Torre Pacheco<\/strong> se reserva el derecho a cancelar cualquier cuenta cuando detecte un uso del servicio contrario a los presentes T\u00e9rminos de Uso.<\/p>\n<h3><\/h3>\n<\/div><\/section><\/div><div class=\"flex_column av_one_full  flex_column_div av-zero-column-padding first  \" style='border-radius:0px; '><section class=\"av_textblock_section\"  itemscope=\"itemscope\" itemtype=\"https:\/\/schema.org\/CreativeWork\" ><div class='avia_textblock '   itemprop=\"text\" ><h3><strong>Legislaci\u00f3n<\/strong><\/h3>\n<ul>\n<li>Ley Org\u00e1nica 15\/1999, de 13 de diciembre, de Protecci\u00f3n de Datos de Car\u00e1cter Personal.<\/li>\n<li>\u00a0Real Decreto 1720\/2007, de 21 de diciembre.<\/li>\n<li>Ley 34\/2002, de 11 de julio, de Servicios de la Sociedad de la Informaci\u00f3n y Comercio Electr\u00f3nico.<\/li>\n<\/ul>\n<p>Los datos enviados para su consignaci\u00f3n ser\u00e1n incorporados a un fichero de datos de car\u00e1cter personal debidamente inscrito en el Registro General de Protecci\u00f3n de Datos de la Agencia Espa\u00f1ola de Protecci\u00f3n de Datos, del cual es responsable <strong>Mercados Torre Pacheco.<\/strong><\/p>\n<p>Salvo que espec\u00edficamente se establezca lo contrario, se considera necesario completar los datos que se requieren en los formularios que aparezcan en el Sitio Web, a los efectos de poder ofrecerle debidamente el servicio solicitado.<br \/>\nLos datos personales recabados del usuario, ya sea mediante los formularios del Sitio Web o mediante env\u00edos de correos electr\u00f3nicos por el propio usuario, ser\u00e1n verdaderos, exactos, completos y actualizados, respondiendo de los da\u00f1os y perjuicios que pudiera ocasionar a causa de la cumplimentaci\u00f3n defectuosa de los datos falsos, inexactos, incompletos o no actualizados.<br \/>\nLos datos personales recabados del usuario no ser\u00e1n cedidos a ninguna empresa ni estar\u00e1n disponibles para terceros, siendo utilizados \u00fanicamente con la finalidad de poder gestionar la relaci\u00f3n negocial que nos vincula e informarle de nuestros servicios.<\/p>\n<p>Mercados Torre Pacheco puede revelar informaci\u00f3n del usuario si creyera que es razonablemente necesario para proteger la seguridad de cualquier persona, tratar fraudes, atender a sus obligaciones como entidad jur\u00eddica, o por problemas t\u00e9cnicos o de seguridad y para proteger los derechos o propiedad de <strong>Mercados Torre Pacheco.<\/strong> El usuario puede ejercitar su derecho de acceso, rectificaci\u00f3n, cancelaci\u00f3n y oposici\u00f3n al tratamiento de sus datos dirigi\u00e9ndose por escrito a la direcci\u00f3n del apartado Comunicaciones.<\/p>\n<p>Mediante la aceptaci\u00f3n de los presentes T\u00e9rminos de Uso, el usuario autoriza a <strong>Mercados Torre Pacheco<\/strong> el env\u00edo de comunicaciones electr\u00f3nicas relacionadas a los servicios contratados.<\/p>\n<p><strong>Mercados Torre Pacheco<\/strong> adopta los niveles de seguridad correspondientes requeridos por la citada Ley Org\u00e1nica 15\/1999 y dem\u00e1s normativa aplicable. No obstante, no asume ninguna responsabilidad por los da\u00f1os y perjuicios derivados de alteraciones que terceros pueden causar en los sistemas inform\u00e1ticos, documentos electr\u00f3nicos o ficheros del usuario.<\/p>\n<\/div><\/section><\/div><div class=\"flex_column av_one_full  flex_column_div av-zero-column-padding first  \" style='border-radius:0px; '><section class=\"av_textblock_section\"  itemscope=\"itemscope\" itemtype=\"https:\/\/schema.org\/CreativeWork\" ><div class='avia_textblock '   itemprop=\"text\" ><h3><strong>Comunicaciones<\/strong><\/h3>\n<p><strong>Mercados Torre Pacheco SL<\/strong><br \/>\nCIF B30.860.977<br \/>\nAvda. Estaci\u00f3n, 8<br \/>\n30700 Torre Pacheco (Murcia)<br \/>\nInscrita en el Registro Mercantil de Murcia Tomo: 2848, Libro: 0, Folio: 38, Secci\u00f3n: 8, Hoja: MU 76341.<br \/>\nTel\u00e9fonos: 689910340<br \/>\nCorreo electr\u00f3nico de Contacto: felipe@mercadostorrepacheco.es<\/p>\n<p class=\"Estilo1\" align=\"left\">Todas las notificaciones y comunicaciones entre los usuarios y Mercados Torre Pacheco, se considerar\u00e1n eficaces, a todos los efectos, cuando se realicen a trav\u00e9s de correo postal o cualquier otro medio de los detallados anteriormente y en los t\u00e9rminos previstos por la Ley.<\/p>\n<\/div><\/section><\/div><div class=\"flex_column av_one_full  flex_column_div av-zero-column-padding first  \" style='border-radius:0px; '><section class=\"av_textblock_section\"  itemscope=\"itemscope\" itemtype=\"https:\/\/schema.org\/CreativeWork\" ><div class='avia_textblock '   itemprop=\"text\" ><h3><strong>Uso del sistema<\/strong><\/h3>\n<p><strong>Mercados Torre Pacheco<\/strong> se reserva el derecho de que ejercer todas las acciones legales, sean civiles o penales, ante cualquier tipo de intromisi\u00f3n, tentativa de intromisi\u00f3n, o actividad infractora que atente contra el Sitio Web, exigiendo las indemnizaciones que conforme a la legislaci\u00f3n vigente corresponda.<\/p>\n<p><strong>Mercados Torre Pacheco<\/strong> se compromete a realizar sus mayores esfuerzos para evitar este tipo de acciones il\u00edcitas, m\u00e1s si a pesar de ello, se irrumpiese en el sistema o la base de datos, no se hace responsable por los da\u00f1os que deriven de esta violaci\u00f3n. El acceso al Sitio Web puede implicar la utilizaci\u00f3n de cookies.<\/p>\n<p>Las cookies son peque\u00f1as cantidades de informaci\u00f3n que se almacenan en el navegador utilizado por cada usuario para que el servidor recuerde cierta informaci\u00f3n que posteriormente \u00fanicamente el servidor que la implement\u00f3 leer\u00e1. Las cookies tienen, generalmente, una duraci\u00f3n limitada en el tiempo.<\/p>\n<p>Ninguna cookie del Sitio Web permite que pueda contactarse con el n\u00famero de tel\u00e9fono del usuario, su direcci\u00f3n de correo electr\u00f3nico o con cualesquiera otro medio de contacto. Ninguna cookie del Sitio Web puede extraer informaci\u00f3n del disco duro del usuario o robar informaci\u00f3n personal. La \u00fanica manera de que la informaci\u00f3n privada de un usuario forme parte del archivo cookie es que el usuario d\u00e9 personalmente esa informaci\u00f3n al servidor. Aquellos usuarios que no deseen recibir cookies o quieran ser informados de su fijaci\u00f3n pueden configurar su navegador a tal efecto.<\/p>\n<p>Los servidores de <strong>Mercados Torre Pacheco<\/strong> podr\u00e1n detectar de manera autom\u00e1tica la direcci\u00f3n IP y el nombre de dominio utilizados por el usuario.<\/p>\n<\/div><\/section><\/div><div class=\"flex_column av_one_full  flex_column_div av-zero-column-padding first  \" style='border-radius:0px; '><section class=\"av_textblock_section\"  itemscope=\"itemscope\" itemtype=\"https:\/\/schema.org\/CreativeWork\" ><div class='avia_textblock '   itemprop=\"text\" ><h3>Propiedad Intelectual e Industrial<\/h3>\n<p class=\"Estilo1\" align=\"left\">El Sitio Web, incluyendo a t\u00edtulo enunciativo pero no limitativo su programaci\u00f3n, edici\u00f3n, compilaci\u00f3n y dem\u00e1s elementos necesarios para su funcionamiento, los dise\u00f1os, logotipos, texto y\/o gr\u00e1ficos son propiedad de <strong>Mercados Torre Pacheco<\/strong> o en su caso dispone de licencia o autorizaci\u00f3n expresa por parte de los autores. Todos los contenidos del Sitio Web se encuentran debidamente protegidos por la normativa de propiedad intelectual e industrial, as\u00ed como inscritos en los registros p\u00fablicos correspondientes.<\/p>\n<p class=\"Estilo1\" align=\"left\">Independientemente de la finalidad para la que fueran destinados, la reproducci\u00f3n total o parcial, uso, explotaci\u00f3n, distribuci\u00f3n y comercializaci\u00f3n, requiere en todo caso de la autorizaci\u00f3n escrita previa por parte de Mercados Torre Pacheco. Cualquier uso no autorizado previamente por parte de Mercados Torre Pacheco ser\u00e1 considerado un incumplimiento grave de los derechos de propiedad intelectual o industrial del autor.<\/p>\n<p><strong>Mercados Torre Pacheco<\/strong> reconoce a favor de sus titulares los correspondientes derechos de propiedad industrial e intelectual, no implicando su sola menci\u00f3n o aparici\u00f3n en el sitio web la existencia de derechos o responsabilidad alguna del prestador sobre los mismos, como tampoco respaldo, patrocinio o recomendaci\u00f3n por parte del mismo.<\/p>\n<p class=\"Estilo1\" align=\"left\">Para realizar cualquier tipo de observaci\u00f3n respecto a posibles incumplimientos de los derechos de propiedad intelectual o industrial, as\u00ed como sobre cualquiera de los contenidos del Sitio Web, puede hacerlo a trav\u00e9s del apartado COMUNICACIONES.<\/p>\n<\/div><\/section><\/div><div class=\"flex_column av_one_full  flex_column_div av-zero-column-padding first  \" style='border-radius:0px; '><section class=\"av_textblock_section\"  itemscope=\"itemscope\" itemtype=\"https:\/\/schema.org\/CreativeWork\" ><div class='avia_textblock '   itemprop=\"text\" ><h3>Jurisdicci\u00f3n<\/h3>\n<p class=\"Estilo1\" align=\"left\">Para la resoluci\u00f3n de todas las controversias o cuestiones relacionadas con el presente sitio web o de las actividades en \u00e9l desarrolladas, ser\u00e1 de aplicaci\u00f3n la legislaci\u00f3n espa\u00f1ola, a la que se someten expresamente las partes, siendo competentes para la resoluci\u00f3n de todos los conflictos derivados o relacionados con su uso los Juzgados y Tribunales de San Javier (Murcia).<\/p>\n<\/div><\/section><\/div>\n<\/div><\/div><\/div><!-- close content main div --><\/div><\/div><div id='after_section_2' class='main_color av_default_container_wrap container_wrap sidebar_right'   ><div class='container' ><div class='template-page content  av-content-small alpha units'><div class='post-entry post-entry-type-page post-entry-3340'><div class='entry-content-wrapper clearfix'><\/p>\n","protected":false},"excerpt":{"rendered":"","protected":false},"author":1,"featured_media":0,"parent":0,"menu_order":0,"comment_status":"closed","ping_status":"closed","template":"","meta":{"_monsterinsights_skip_tracking":false,"_monsterinsights_sitenote_active":false,"_monsterinsights_sitenote_note":"","_monsterinsights_sitenote_category":0,"footnotes":""},"_links":{"self":[{"href":"https:\/\/mercadostorrepacheco.es\/index.php\/wp-json\/wp\/v2\/pages\/3340"}],"collection":[{"href":"https:\/\/mercadostorrepacheco.es\/index.php\/wp-json\/wp\/v2\/pages"}],"about":[{"href":"https:\/\/mercadostorrepacheco.es\/index.php\/wp-json\/wp\/v2\/types\/page"}],"author":[{"embeddable":true,"href":"https:\/\/mercadostorrepacheco.es\/index.php\/wp-json\/wp\/v2\/users\/1"}],"replies":[{"embeddable":true,"href":"https:\/\/mercadostorrepacheco.es\/index.php\/wp-json\/wp\/v2\/comments?post=3340"}],"version-history":[{"count":13,"href":"https:\/\/mercadostorrepacheco.es\/index.php\/wp-json\/wp\/v2\/pages\/3340\/revisions"}],"predecessor-version":[{"id":3420,"href":"https:\/\/mercadostorrepacheco.es\/index.php\/wp-json\/wp\/v2\/pages\/3340\/revisions\/3420"}],"wp:attachment":[{"href":"https:\/\/mercadostorrepacheco.es\/index.php\/wp-json\/wp\/v2\/media?parent=3340"}],"curies":[{"name":"wp","href":"https:\/\/api.w.org\/{rel}","templated":true}]}}