{"id":3261,"date":"2017-06-02T08:17:18","date_gmt":"2017-06-02T08:17:18","guid":{"rendered":"http:\/\/mercadostorrepacheco.es\/boceto\/?page_id=3261"},"modified":"2017-06-06T08:46:42","modified_gmt":"2017-06-06T08:46:42","slug":"quienes-somos","status":"publish","type":"page","link":"http:\/\/mercadostorrepacheco.es\/index.php\/quienes-somos\/","title":{"rendered":"Sobre nosotros"},"content":{"rendered":"<\/div><\/div><\/div><!-- close content main div --><\/div><\/div><div id='av_section_1' class='avia-section main_color avia-section-huge avia-no-border-styling avia-full-stretch av-section-color-overlay-active avia-bg-style-fixed  container_wrap sidebar_right' style = 'background-repeat: no-repeat; background-image: url(http:\/\/mercadostorrepacheco.es\/wp-content\/uploads\/e42c67f1-af62-482e-a736-9c1b03daf914.jpg); background-attachment: fixed; background-position: center center; ' data-section-bg-repeat='stretch' ><div class='av-section-color-overlay-wrap'><div class='av-section-color-overlay' style='opacity: 0.5; background-color: #000000; '><\/div><div class='container' ><div class='template-page content  av-content-small alpha units'><div class='post-entry post-entry-type-page post-entry-3261'><div class='entry-content-wrapper clearfix'>\n<div class=\"flex_column av_one_full  flex_column_div av-zero-column-padding first  \" style='border-radius:0px; '><div style='padding-bottom:20px;color:#ffffff;font-size:40px;' class='av-special-heading av-special-heading-h2 custom-color-heading blockquote modern-quote modern-centered  av-inherit-size'><h2 class='av-special-heading-tag'  itemprop=\"headline\"  >Experiencia, calidad y compromiso<\/h2><div class='special-heading-border'><div class='special-heading-inner-border' style='border-color:#ffffff'><\/div><\/div><\/div><\/div>\n<\/div><\/div><\/div><!-- close content main div --><\/div><\/div><\/div><div id='after_section_1' class='main_color av_default_container_wrap container_wrap sidebar_right'   ><div class='container' ><div class='template-page content  av-content-small alpha units'><div class='post-entry post-entry-type-page post-entry-3261'><div class='entry-content-wrapper clearfix'>\n<\/div><\/div><\/div><!-- close content main div --><\/div><\/div><div id='av_section_2' class='avia-section main_color avia-section-large avia-no-border-styling avia-bg-style-scroll  container_wrap sidebar_right'   ><div class='container' ><div class='template-page content  av-content-small alpha units'><div class='post-entry post-entry-type-page post-entry-3261'><div class='entry-content-wrapper clearfix'>\n<div class=\"flex_column av_one_half  flex_column_div av-zero-column-padding first  \" style='border-radius:0px; '><p><div style='padding-bottom:0px;font-size:40px;' class='av-special-heading av-special-heading-h2  blockquote modern-quote   av-inherit-size'><h2 class='av-special-heading-tag'  itemprop=\"headline\"  >Quienes somos<\/h2><div class='special-heading-border'><div class='special-heading-inner-border' ><\/div><\/div><\/div><br \/>\n<div style=' margin-top:10px; margin-bottom:10px;'  class='hr hr-custom hr-left hr-icon-no '><span class='hr-inner   inner-border-av-border-fat' style=' width:50px; border-color:#000000;' ><span class='hr-inner-style'><\/span><\/span><\/div><\/p><\/div><div class=\"flex_column av_one_half  flex_column_div av-zero-column-padding   \" style='border-radius:0px; '><p><div style='padding-bottom:0px;font-size:40px;' class='av-special-heading av-special-heading-h2  blockquote modern-quote   av-inherit-size'><h2 class='av-special-heading-tag'  itemprop=\"headline\"  >\u00bfQu\u00e9 nos Caracteriza?<\/h2><div class='special-heading-border'><div class='special-heading-inner-border' ><\/div><\/div><\/div><br \/>\n<div style=' margin-top:10px; margin-bottom:10px;'  class='hr hr-custom hr-left hr-icon-no '><span class='hr-inner   inner-border-av-border-fat' style=' width:50px; border-color:#000000;' ><span class='hr-inner-style'><\/span><\/span><\/div><\/p><\/div><div class=\"flex_column av_one_half  flex_column_div av-zero-column-padding first  \" style='border-radius:0px; '><p><section class=\"av_textblock_section\"  itemscope=\"itemscope\" itemtype=\"https:\/\/schema.org\/CreativeWork\" ><div class='avia_textblock '   itemprop=\"text\" ><p><strong>MERCADOS TORRE PACHECO, S.L.<\/strong> es una empresa privada, que cuenta con unos\u00a0 empleados y colaboradores\u00a0 especialistas altamente cualificados.<\/p>\n<p>En el sector de la gesti\u00f3n y administraci\u00f3n, los profesionales que forman esta empresa, est\u00e1n reconocidos y aceptados en el m\u00e1ximo nivel, dentro de la provincia de Murcia por todas las empresas con las que han colaborado y para las que han\u00a0 trabajado. Gracias a la <strong>CONFIANZA<\/strong> generada en los\u00a0 profesionales del sector de la gesti\u00f3n y administraci\u00f3n, <strong>MERCADOS TORRE PACHECO, S.L.<\/strong> nace con la idea de llevar a cabo\u00a0 un constante crecimiento y desarrollo basado en una idea organizativa innovadora.<\/p>\n<p>Entre sus socios cuenta con personas conocedoras del mundo de los mercados semanales a los que han dedicado m\u00e1s de 20 a\u00f1os como vendedores en los mismos. As\u00ed mismo son personas que han intervenido asesorando a \u00f3rganos p\u00fablicos en la ubicaci\u00f3n de mercados semanales en Torre-Pacheco.<\/p>\n<p><strong>Adem\u00e1s sus socios han participado en Organizaci\u00f3n de eventos culturales (Festivales de Bandas de M\u00fasica y actos organizados por Asociaciones de Vecinos) contando con amplia participaci\u00f3n\u00a0en Asociaciones Culturales y Vecinales del Municipio de Torre-Pacheco.<\/strong><\/p>\n<\/div><\/section><br \/>\n<div style='height:30px' class='hr hr-invisible '><span class='hr-inner ' ><span class='hr-inner-style'><\/span><\/span><\/div><\/p><\/div><div class=\"flex_column av_one_half  flex_column_div av-zero-column-padding   \" style='border-radius:0px; '><section class=\"av_textblock_section\"  itemscope=\"itemscope\" itemtype=\"https:\/\/schema.org\/CreativeWork\" ><div class='avia_textblock '   itemprop=\"text\" ><p class=\"Estilo1\">Los pilares sobre los que se sustenta la actividad de <strong>\u00a0MERCADOS TORRE PACHECO, SL <\/strong>son:<\/p>\n<p class=\"Estilo1\"><strong>EXPERIENCIA:<\/strong><br \/>\nLa experiencia acumulada durante a\u00f1os, por los socios que forman la mercantil\u00a0 <strong>MERCADOS TORRE PACHECO, S.L., <\/strong>\u00a0se ha visto incrementada y afianzada desde su uni\u00f3n en el a\u00f1o 2011.<\/p>\n<p class=\"Estilo1\">Venta ambulante en los mercados del municipio de Torre Pacheco.<br \/>\nVenta ambulante en los mercados del municipio de San Javier<br \/>\nVenta ambulante en los mercados del municipio de San Pedro<br \/>\nVenta ambulante en los mercados del municipio de Los Alc\u00e1zares<br \/>\nGesti\u00f3n y Administraci\u00f3n de mercados<\/p>\n<p class=\"Estilo1\"><strong>SERVICIO INTEGRAL:<\/strong><\/p>\n<p class=\"Estilo1\">Nuestra actuaci\u00f3n va dirigida a conseguir la relaci\u00f3n \u00f3ptima entre la seguridad,<br \/>\nLa\u00a0 calidad del servicio y la innovaci\u00f3n en el sector.<\/p>\n<p>&#8211; Transparencia y honestidad en nuestras relaciones.<\/p>\n<p>&#8211; Compromiso con todos, tanto clientes como colaboradores.<\/p>\n<p>&#8211; Orientaci\u00f3n al cliente, para obtener su m\u00e1xima satisfacci\u00f3n al atender el conjunto de sus necesidades.<\/p>\n<\/div><\/section><br \/>\n<div style='height:30px' class='hr hr-invisible '><span class='hr-inner ' ><span class='hr-inner-style'><\/span><\/span><\/div><\/p><\/div>\n<\/div><\/div><\/div><!-- close content main div --><\/div><\/div><div id='after_section_2' class='main_color av_default_container_wrap container_wrap sidebar_right'   ><div class='container' ><div class='template-page content  av-content-small alpha units'><div class='post-entry post-entry-type-page post-entry-3261'><div class='entry-content-wrapper clearfix'>\n<div id='av-masonry-1' class='av-masonry noHover av-flex-size av-large-gap av-hover-overlay-active av-masonry-col-6 av-caption-always av-caption-style- av-masonry-gallery  ' style='background-color:#35383c; ' ><div class='av-masonry-container isotope av-js-disabled ' ><div class='av-masonry-entry isotope-item av-masonry-item-no-image '><\/div><a href=\"http:\/\/mercadostorrepacheco.es\/wp-content\/uploads\/gal1.jpg\" id='av-masonry-1-item-3319' data-av-masonry-item='3319' class='av-masonry-entry isotope-item post-3319 attachment type-attachment status-inherit hentry  av-masonry-item-with-image' title=\"MERCADO DE TORRE PACHECO\"  itemprop=\"thumbnailUrl\" ><div class='av-inner-masonry-sizer'><\/div><figure class='av-inner-masonry main_color'><div class=\"av-masonry-outerimage-container\"><div class=\"av-masonry-image-container\" style=\"background-image: url(http:\/\/mercadostorrepacheco.es\/wp-content\/uploads\/gal1.jpg);\"><img decoding=\"async\" src=\"http:\/\/mercadostorrepacheco.es\/wp-content\/uploads\/gal1.jpg\" title=\"MERCADO DE TORRE PACHECO\" alt=\"\" \/><\/div><\/div><\/figure><\/a><!--end av-masonry entry--><a href=\"http:\/\/mercadostorrepacheco.es\/wp-content\/uploads\/gal3.jpg\" id='av-masonry-1-item-3321' data-av-masonry-item='3321' class='av-masonry-entry isotope-item post-3321 attachment type-attachment status-inherit hentry  av-masonry-item-with-image' title=\"MERCADO DE DOLORES DE PACHECO\"  itemprop=\"thumbnailUrl\" ><div class='av-inner-masonry-sizer'><\/div><figure class='av-inner-masonry main_color'><div class=\"av-masonry-outerimage-container\"><div class=\"av-masonry-image-container\" style=\"background-image: url(http:\/\/mercadostorrepacheco.es\/wp-content\/uploads\/gal3.jpg);\"><img decoding=\"async\" src=\"http:\/\/mercadostorrepacheco.es\/wp-content\/uploads\/gal3.jpg\" title=\"MERCADO DE DOLORES DE PACHECO\" alt=\"\" \/><\/div><\/div><\/figure><\/a><!--end av-masonry entry--><a href=\"http:\/\/mercadostorrepacheco.es\/wp-content\/uploads\/gal2.jpg\" id='av-masonry-1-item-3320' data-av-masonry-item='3320' class='av-masonry-entry isotope-item post-3320 attachment type-attachment status-inherit hentry  av-masonry-item-with-image' title=\"MERCADO DE BALSICAS\"  itemprop=\"thumbnailUrl\" ><div class='av-inner-masonry-sizer'><\/div><figure class='av-inner-masonry main_color'><div class=\"av-masonry-outerimage-container\"><div class=\"av-masonry-image-container\" style=\"background-image: url(http:\/\/mercadostorrepacheco.es\/wp-content\/uploads\/gal2.jpg);\"><img decoding=\"async\" src=\"http:\/\/mercadostorrepacheco.es\/wp-content\/uploads\/gal2.jpg\" title=\"MERCADO DE BALSICAS\" alt=\"\" \/><\/div><\/div><\/figure><\/a><!--end av-masonry entry--><a href=\"http:\/\/mercadostorrepacheco.es\/wp-content\/uploads\/gal5.jpg\" id='av-masonry-1-item-3323' data-av-masonry-item='3323' class='av-masonry-entry isotope-item post-3323 attachment type-attachment status-inherit hentry  av-masonry-item-with-image' title=\"MERCADO SAN CAYETANO\"  itemprop=\"thumbnailUrl\" ><div class='av-inner-masonry-sizer'><\/div><figure class='av-inner-masonry main_color'><div class=\"av-masonry-outerimage-container\"><div class=\"av-masonry-image-container\" style=\"background-image: url(http:\/\/mercadostorrepacheco.es\/wp-content\/uploads\/gal5.jpg);\"><img decoding=\"async\" src=\"http:\/\/mercadostorrepacheco.es\/wp-content\/uploads\/gal5.jpg\" title=\"MERCADO SAN CAYETANO\" alt=\"\" \/><\/div><\/div><\/figure><\/a><!--end av-masonry entry--><a href=\"http:\/\/mercadostorrepacheco.es\/wp-content\/uploads\/gal4.jpg\" id='av-masonry-1-item-3322' data-av-masonry-item='3322' class='av-masonry-entry isotope-item post-3322 attachment type-attachment status-inherit hentry  av-masonry-item-with-image' title=\"MERCADO DE ROLD\u00c1N\"  itemprop=\"thumbnailUrl\" ><div class='av-inner-masonry-sizer'><\/div><figure class='av-inner-masonry main_color'><div class=\"av-masonry-outerimage-container\"><div class=\"av-masonry-image-container\" style=\"background-image: url(http:\/\/mercadostorrepacheco.es\/wp-content\/uploads\/gal4.jpg);\"><img decoding=\"async\" src=\"http:\/\/mercadostorrepacheco.es\/wp-content\/uploads\/gal4.jpg\" title=\"MERCADO DE ROLD\u00c1N\" alt=\"\" \/><\/div><\/div><\/figure><\/a><!--end av-masonry entry--><a href=\"http:\/\/mercadostorrepacheco.es\/wp-content\/uploads\/gal6.jpg\" id='av-masonry-1-item-3324' data-av-masonry-item='3324' class='av-masonry-entry isotope-item post-3324 attachment type-attachment status-inherit hentry  av-masonry-item-with-image' title=\"MERCADO EL JIMENADO\"  itemprop=\"thumbnailUrl\" ><div class='av-inner-masonry-sizer'><\/div><figure class='av-inner-masonry main_color'><div class=\"av-masonry-outerimage-container\"><div class=\"av-masonry-image-container\" style=\"background-image: url(http:\/\/mercadostorrepacheco.es\/wp-content\/uploads\/gal6.jpg);\"><img decoding=\"async\" src=\"http:\/\/mercadostorrepacheco.es\/wp-content\/uploads\/gal6.jpg\" title=\"MERCADO EL JIMENADO\" alt=\"\" \/><\/div><\/div><\/figure><\/a><!--end av-masonry entry--><\/div><\/div>\n<\/div><\/div><\/div><!-- close content main div --><\/div><\/div><div id='av-layout-grid-1' class='av-layout-grid-container entry-content-wrapper main_color av-flex-cells av-border-top-bottom container_wrap sidebar_right'   >\n<div class=\"flex_cell no_margin av_one_fourth   \" style='vertical-align:middle; padding:50px; '><div class='flex_cell_inner' ><div  class=\"avia-animated-number av-force-default-color avia-color-  avia_animate_when_visible\" ><strong class=\"heading avia-animated-number-title\" ><span class=\"avia-single-number __av-single-number\" data-number=\"6\">6<\/span><span class=\"avia-no-number\"> mercados <\/span><\/strong><div class='avia-animated-number-content' ><p>Mercados semanales con varias d\u00e9cadas de historia.<\/p>\n<\/div><\/div>\n<\/div><\/div><div class=\"flex_cell no_margin av_one_fourth   \" style='vertical-align:middle; padding:50px; background-color:#fbfbfb; '><div class='flex_cell_inner' ><div  class=\"avia-animated-number av-force-default-color avia-color-  avia_animate_when_visible\" ><strong class=\"heading avia-animated-number-title\" ><span class=\"avia-no-number\">+ <\/span><span class=\"avia-single-number __av-single-number\" data-number=\"200\">200<\/span><span class=\"avia-no-number\"> puestos<\/span><\/strong><div class='avia-animated-number-content' ><p>Ven a conocer nuestra gran variedad de puestos<\/p>\n<\/div><\/div>\n<\/div><\/div><div class=\"flex_cell no_margin av_one_fourth   \" style='vertical-align:middle; padding:50px; background-color:#f8f8f8; '><div class='flex_cell_inner' ><div  class=\"avia-animated-number av-force-default-color avia-color-  avia_animate_when_visible\" ><strong class=\"heading avia-animated-number-title\" ><span class=\"avia-single-number __av-single-number\" data-number=\"100\">100<\/span><span class=\"avia-no-number\">% frescura<\/span><\/strong><div class='avia-animated-number-content' ><p>\u00bfTe gusta cuidarte? Ven al mercado y encontrar\u00e1s los productos \u00a1m\u00e1s frescos!<\/p>\n<\/div><\/div>\n<\/div><\/div><div class=\"flex_cell no_margin av_one_fourth   \" style='vertical-align:middle; padding:50px; background-color:#f1f1f1; '><div class='flex_cell_inner' ><div  class=\"avia-animated-number av-force-default-color avia-color-  avia_animate_when_visible\" ><strong class=\"heading avia-animated-number-title\" ><span class=\"avia-no-number\">+ <\/span><span class=\"avia-single-number __av-single-number\" data-number=\"3000\">3000<\/span><span class=\"avia-no-number\"> visitas<\/span><\/strong><div class='avia-animated-number-content' ><p>No esperes a que te lo cuenten y v\u00edvelo por ti mismo!<\/p>\n<\/div><\/div>\n<\/div><\/div>\n<\/div>\n<\/div><\/div><\/div><!-- close content main div --><\/div><\/div><div id='av_section_3' class='avia-section main_color avia-section-huge avia-no-border-styling avia-full-stretch av-section-color-overlay-active avia-bg-style-fixed  container_wrap sidebar_right' style = 'background-repeat: no-repeat; background-image: url(http:\/\/mercadostorrepacheco.es\/wp-content\/uploads\/f8b6e7a9-7a3b-474a-bfe6-f5414831ae05.jpg); background-attachment: fixed; background-position: center center; ' data-section-bg-repeat='stretch' ><div class='av-section-color-overlay-wrap'><div class='av-section-color-overlay' style='opacity: 0.6; background-color: #35383c; '><\/div><div class='container' ><div class='template-page content  av-content-small alpha units'><div class='post-entry post-entry-type-page post-entry-3261'><div class='entry-content-wrapper clearfix'>\n<div class=\"flex_column av_one_fifth  flex_column_div av-zero-column-padding first  \" style='border-radius:0px; '><\/div><div class=\"flex_column av_three_fifth  flex_column_div av-zero-column-padding   \" style='border-radius:0px; '><p><div style='padding-bottom:20px;color:#ffffff;font-size:40px;' class='av-special-heading av-special-heading-h2 custom-color-heading blockquote modern-quote modern-centered   av-inherit-size'><h2 class='av-special-heading-tag'  itemprop=\"headline\"  >M\u00e1s de 20 a\u00f1os de amplia experiencia individual en el sector, alrededor de toda la provincia de Murcia, nos avalan.<\/h2><div class='special-heading-border'><div class='special-heading-inner-border' style='border-color:#ffffff'><\/div><\/div><\/div><br \/>\n<section class=\"av_textblock_section\"  itemscope=\"itemscope\" itemtype=\"https:\/\/schema.org\/CreativeWork\" ><div class='avia_textblock  av_inherit_color'  style='color:#ffffff; '  itemprop=\"text\" ><p style=\"text-align: center;\">Todos los d\u00edas del a\u00f1o trabajamos para darte el mejor servicio, emocionamos, somos solidarios, queremos ser diferentes&#8230;etc., pero tambi\u00e9n queremos hacerte part\u00edcipe de todo aquello que nos rodea, de nuestra ilusi\u00f3n, de nuestro optimismo y nuestras alegr\u00edas!<\/p>\n<\/div><\/section><\/p><\/div><div class=\"flex_column av_one_fifth  flex_column_div av-zero-column-padding   \" style='border-radius:0px; '><\/div>\n<\/div><\/div><\/div><!-- close content main div --><\/div><\/div><\/div><div id='after_section_3' class='main_color av_default_container_wrap container_wrap sidebar_right'   ><div class='container' ><div class='template-page content  av-content-small alpha units'><div class='post-entry post-entry-type-page post-entry-3261'><div class='entry-content-wrapper clearfix'>\n<\/div><\/div><\/div><!-- close content main div --><\/div><\/div><div id='av_section_4' class='avia-section main_color avia-section-large avia-no-border-styling avia-bg-style-scroll  container_wrap sidebar_right'   ><div class='container' ><div class='template-page content  av-content-small alpha units'><div class='post-entry post-entry-type-page post-entry-3261'><div class='entry-content-wrapper clearfix'>\n<div class='flex_column_table av-equal-height-column-flextable' ><div class=\"flex_column av_one_half  flex_column_table_cell av-equal-height-column av-align-middle av-zero-column-padding first  \" style='border-radius:0px; '><p><div style='padding-bottom:0px;font-size:40px;' class='av-special-heading av-special-heading-h2  blockquote modern-quote  av-inherit-size'><h2 class='av-special-heading-tag'  itemprop=\"headline\"  >Nuestros or\u00edgenes<\/h2><div class='special-heading-border'><div class='special-heading-inner-border' ><\/div><\/div><\/div><br \/>\n<div style=' margin-top:10px; margin-bottom:10px;'  class='hr hr-custom hr-left hr-icon-no '><span class='hr-inner   inner-border-av-border-fat' style=' width:50px; border-color:#000000;' ><span class='hr-inner-style'><\/span><\/span><\/div><br \/>\n<section class=\"av_textblock_section\"  itemscope=\"itemscope\" itemtype=\"https:\/\/schema.org\/CreativeWork\" ><div class='avia_textblock '   itemprop=\"text\" ><p>MERCADOS TORRE PACHECO,\u00a0 SL, ha sido fundada en el a\u00f1o\u00a0 2011, fruto del car\u00e1cter emprendedor de profesionales del sector de la gesti\u00f3n y administraci\u00f3n.<\/p>\n<p>De esta combinaci\u00f3n entre juventud y experiencia, nace una empresa, que cuenta con personas con una dilatada\u00a0 experiencia acumulada en el sector de la administraci\u00f3n de fincas y comunidades de propietarios, as\u00ed como un amplio conocimiento del mundo de los mercados semanales, todo ello con la intenci\u00f3n de administrar y gestionar profesionalmente los mercados de su Municipio.<\/p>\n<\/div><\/section><\/p><\/div><div class='av-flex-placeholder'><\/div><div class=\"flex_column av_one_half  flex_column_table_cell av-equal-height-column av-align-middle av-zero-column-padding   \" style='border-radius:0px; '><div class='avia-progress-bar-container avia_animate_when_almost_visible  av-flat-bar av-animated-bar av-small-bar'><div class='avia-progress-bar orange-bar icon-bar-no'><div class='progressbar-title-wrap'><div class='progressbar-icon'><span class='progressbar-char' aria-hidden='true' data-av_icon='\ue856' data-av_iconfont='entypo-fontello'><\/span><\/div><div class='progressbar-title'>Compromiso<\/div><\/div><div class='progressbar-percent' data-timer='2200'><span class='av-bar-counter __av-single-number' data-number='100'>0<\/span>%<\/div><div class='progress' style='height:10px;'><div class='bar-outer'><div class='bar' style='width: 100%' data-progress='100'><\/div><\/div><\/div><\/div><div class='avia-progress-bar grey-bar icon-bar-no'><div class='progressbar-title-wrap'><div class='progressbar-icon'><span class='progressbar-char' aria-hidden='true' data-av_icon='\ue856' data-av_iconfont='entypo-fontello'><\/span><\/div><div class='progressbar-title'>Experiencia<\/div><\/div><div class='progressbar-percent' data-timer='2200'><span class='av-bar-counter __av-single-number' data-number='100'>0<\/span>%<\/div><div class='progress' style='height:10px;'><div class='bar-outer'><div class='bar' style='width: 100%' data-progress='100'><\/div><\/div><\/div><\/div><div class='avia-progress-bar aqua-bar icon-bar-no'><div class='progressbar-title-wrap'><div class='progressbar-icon'><span class='progressbar-char' aria-hidden='true' data-av_icon='\ue856' data-av_iconfont='entypo-fontello'><\/span><\/div><div class='progressbar-title'>Satisfacci\u00f3n<\/div><\/div><div class='progressbar-percent' data-timer='2200'><span class='av-bar-counter __av-single-number' data-number='100'>0<\/span>%<\/div><div class='progress' style='height:10px;'><div class='bar-outer'><div class='bar' style='width: 100%' data-progress='100'><\/div><\/div><\/div><\/div><div class='avia-progress-bar silver-bar icon-bar-no'><div class='progressbar-title-wrap'><div class='progressbar-icon'><span class='progressbar-char' aria-hidden='true' data-av_icon='\ue856' data-av_iconfont='entypo-fontello'><\/span><\/div><div class='progressbar-title'>Confianza<\/div><\/div><div class='progressbar-percent' data-timer='2200'><span class='av-bar-counter __av-single-number' data-number='100'>0<\/span>%<\/div><div class='progress' style='height:10px;'><div class='bar-outer'><div class='bar' style='width: 100%' data-progress='100'><\/div><\/div><\/div><\/div><\/div><\/div><\/div><!--close column table wrapper. Autoclose:  -->\n<\/div><\/div><\/div><!-- close content main div --><\/div><div class='av-extra-border-element border-extra-arrow-down'><div class='av-extra-border-outer'><div class='av-extra-border-inner'  style='background-color:#ffffff;' ><\/div><\/div><\/div><\/div><div id='after_section_4' class='main_color av_default_container_wrap container_wrap sidebar_right'   ><div class='container' ><div class='template-page content  av-content-small alpha units'><div class='post-entry post-entry-type-page post-entry-3261'><div class='entry-content-wrapper clearfix'>\n","protected":false},"excerpt":{"rendered":"","protected":false},"author":1,"featured_media":0,"parent":0,"menu_order":0,"comment_status":"closed","ping_status":"closed","template":"","meta":{"_monsterinsights_skip_tracking":false,"_monsterinsights_sitenote_active":false,"_monsterinsights_sitenote_note":"","_monsterinsights_sitenote_category":0,"footnotes":""},"_links":{"self":[{"href":"http:\/\/mercadostorrepacheco.es\/index.php\/wp-json\/wp\/v2\/pages\/3261"}],"collection":[{"href":"http:\/\/mercadostorrepacheco.es\/index.php\/wp-json\/wp\/v2\/pages"}],"about":[{"href":"http:\/\/mercadostorrepacheco.es\/index.php\/wp-json\/wp\/v2\/types\/page"}],"author":[{"embeddable":true,"href":"http:\/\/mercadostorrepacheco.es\/index.php\/wp-json\/wp\/v2\/users\/1"}],"replies":[{"embeddable":true,"href":"http:\/\/mercadostorrepacheco.es\/index.php\/wp-json\/wp\/v2\/comments?post=3261"}],"version-history":[{"count":24,"href":"http:\/\/mercadostorrepacheco.es\/index.php\/wp-json\/wp\/v2\/pages\/3261\/revisions"}],"predecessor-version":[{"id":3908,"href":"http:\/\/mercadostorrepacheco.es\/index.php\/wp-json\/wp\/v2\/pages\/3261\/revisions\/3908"}],"wp:attachment":[{"href":"http:\/\/mercadostorrepacheco.es\/index.php\/wp-json\/wp\/v2\/media?parent=3261"}],"curies":[{"name":"wp","href":"https:\/\/api.w.org\/{rel}","templated":true}]}}